the value of -5 + (-8 - (8 + -2 - 6))?
-13
What is the value of 1 - (31 - 30 - (0 - -4)) - 6?
-2
What is the value of 7 - ((-39 - -45) + -3 + (1 - 3))?
6
What is the value of 5 - -6 - (-3 - (-18 - -12))?
8
Evaluate 5 + -2 + 166 + -141.
28
Evaluate (12 - -3) + -17 - (6 + -33).
25
What is the value of (2 - (16 + -10)) + 3?
-1
13 - (15 - (-4 - -2 - (-20 + 10)))
6
What is the value of -3 - (7 + -14 - 5)?
9
Evaluate 7 - ((-1 - 5) + 3 + 2 + 8).
0
Calculate ((8 - 21) + (11 - 4) - 1) + -6.
-13
What is (-222 - -206) + (5 - (-1 - -1))?
-11
Evaluate -7 + 2 + 8 + (-9 - -6).
0
What is (-2 - 5) + -3 + 4 + (0 - 4)?
-10
Calculate (2 - (2 + 8)) + (-1 - 3) + -9.
-21
What is the value of 10 - (15 + -16) - 10?
1
What is the value of -41 + (25 - 16) - -48?
16
What is -11 + (5 - -4) + -4 + (4 - -14)?
12
Evaluate 1062 + -1056 + (9 - 2 - 2).
11
What is the value of (-94 - -101) + (-1 - -3)?
9
Evaluate 12 + 0 + -17 + (6 - 10 - 10).
-19
Evaluate 15 - (-8 + 22 - -17).
-16
Evaluate -17 - (-8 + -43) - 20.
14
Calculate -20 - (-15 + 14 + 18 + -28).
-9
Calculate (6 + (-9 - -11) - 5) + -1.
2
Calculate -39 + 7 + 21 + 0 + -1.
-12
What is 0 + 5 + 8 + -8?
5
(-4 - 22) + (28 - 15)
-13
Calculate (-7 - (8 + -10)) + (-4 - 2) + 1.
-10
Calculate 1 + -12 - (164 - 91 - 106).
22
What is the value of 9 - (-9 + 0 - -5) - -6?
19
(-1 - 12) + 22 - (1 - 3) - 4
7
Evaluate 3 - (14 - 19 - -14).
-6
Evaluate -24 + (-5 - -17) + 1 - 1.
-12
What is the value of (8 - 5 - ((5 - -20) + -6)) + 2?
-14
Evaluate -33 - ((-17 - 26) + 6).
4
Evaluate 7 - (-1 + 8 + (16 - (-7 + 20))).
-3
Calculate 2 - (-7 - 12) - 6 - -19.
34
(-63 - 3 - -32) + 16
-18
Calculate -9 + (-3 - (-7 - -2)) + 7.
0
What is (1 - 13) + (0 - (15 - 26 - -33))?
-34
What is the value of -3 + -79 - -78 - (-1 - 24)?
21
Evaluate -13 - (-15 + (22 - 14)).
-6
What is the value of (-1 - -8) + 0 + 7 + -1 + -3?
10
What is the value of -7 - -29 - 1 - (-10 + 18)?
13
What is the value of (6 - 9) + -8 + (5 - 0) - -11?
5
Calculate (-11 - -33 - 24) + -6.
-8
Calculate -78 + 75 - ((1 - 3) + (3 - 14)).
10
(0 + 2 - 15) + -58 + 63 + -10
-18
Calculate (-12 - ((-18 - -72) + -23)) + 12 + 0.
-31
-1 + 2 + 19 + 3021 + -3016
25
Evaluate 174 + -191 - (-3 - 0).
-14
Evaluate (-14 - -31 - 46) + 54.
25
Evaluate -29 + 2 + 21 + 0.
-6
Evaluate -4 + (12 + -4 - (-3 + -3)).
10
What is the value of -35 + -7 + -9 + 42?
-9
Evaluate (1 + 0 - (0 - 7)) + 5 + -1.
12
-16 - 22 - -22 - (-1 + -4)
-11
Evaluate 3 + (-32 - -5 - -21) + 0 + -23.
-26
What is the value of 4 + -6 + -2 + -20 + 22 + -27?
-29
What is 8 - (2 - 38 - (75 - 85))?
34
Calculate (-751 - -731) + 1 + -3 + -2 - 8.
-32
6 - 6 - (-34 - (21 + -42))
13
Evaluate -51 - (26 + -57 + -1).
-19
Calculate (-12 - -7) + -18 - -15.
-8
Evaluate -21 + -7 + (3 - (-2 + (2 - -3))).
-28
What is the value of -13 - (2 + (-9 - -14))?
-20
What is the value of 2 + -5 + 123 + -149?
-29
What is the value of (-3 - (1 - -1)) + (5 - -5)?
5
What is the value of -11 - (-17 + 24 + -5)?
-13
Evaluate (2 - (2 + (1 - 2))) + -10 - 0.
-9
Evaluate -29 + 30 - (-2 - -4 - -2 - 4).
1
19 - 12 - (-9 + (4 - (3 + -1)))
14
Evaluate -6 - (14 + (-2 - 0) - 23).
5
Evaluate -22 + 0 - -52 - (1 + (-1 - -4)).
26
What is the value of 1 - (-21 - (10 - 25))?
7
4 - (6 + 6) - (-7 + 9 + -11)
1
Calculate 7 - ((-30 - -20) + 19).
-2
Evaluate -1 + 0 + 8 - (-14 + (-27 - -36)).
12
What is (-13 - -4) + (-1 - -7) - -10?
7
What is (6 - 12) + 14 + (-2 + -3 - -1)?
4
What is (-4 - 0 - (4 + (-8 - -6))) + 10?
4
What is -17 + -2 + (1 - (-7 + -2)) + -8?
-17
Calculate 16 + (-1 - -2) + -14.
3
(-5 - -16) + (2 - 7) - 5
1
Evaluate 5 - (5 + (-3 - (-12 + 3))).
-6
What is the value of 1 + -7 + 15 + -3 + (-17 - -1)?
-10
Evaluate -13 - (-8 - (0 + -1 - (0 + 5))).
-11
(-22 - -38) + 4 - 16
4
Calculate (-147 - -166) + (7 - 0).
26
What is the value of -11 + (38 - (2 + (11 - 0)))?
14
Evaluate 15 - 10 - (3 + (-2 + 4 - 2)).
2
Evaluate -2 - (-21 + (-9 - -28) + -10).
10
What is (2 - -10) + 7 + -34?
-15
What is (-4 + -15 + 14 - 5) + 21?
11
Evaluate 9 + -6 - (1 - (-6 + 10) - 4).
10
10 + (-11 - (20 + -1))
-20
Calculate 16 - (12 + -24) - 12.
16
What is the value of (-3 - 2 - (-136 - -126)) + 25 + 2?
32
Calculate 1 + -7 - (1 - -16 - 5).
-18
17 + (-7 - -3 - 2) + 5 + -7
9
Calculate 4 + -2 - (213 + -202).
-9
7 - (7 - (11 + -21))
-10
Calculate -52 + 52 + -13 + 5 + 0.
-8
Evaluate -20 + 0 - (-187 + 181).
-14
-7 + (-5 - (-19 + -5))
12
Evaluate 0 + -3 + 0 + -11 + (7 - -27).
20
Calculate 30 + -14 + -5 + 16.
27
What is the value of -4 + (12 - 10 - -10) + -8?
0
Evaluate -4 + (26 - 29) + 2 + 6 + 5.
6
What is (1 - 4) + (-19 + -8 - -12) + 11?
-7
10 - (-14 - (-24 + 8))
8
(-27 - 6) + (4 - (-5 - 0)) - -5
-19
What is the value of 15 + 2 + -7 + -2?
8
Evaluate -5 - (-32 + 43 - (6 - (-5 + 4))).
-9
(34 - 0 - 4) + 12 + -25 + 24
41
What is the value of 5 - (1 + -12 + 25 + -1 + -27)?
19
What is the value of -1 - -9 - (15 + (-9 - 6))?
8
What is -8 - (-25 + 12 - -4)?
1
What is -13 + 14 + (3 - 1) - 7 - -19?
15
What is the value of -506 + 496 - (0 + -1 + 3)?
-12
What is the value of -14 - (-7 - (-9 - -2))?
-14
Evaluate -7 - -33 - (-3 - (24 - 30)).
23
(16 - 2) + (-82 - (-5 - 51))
-12
Evaluate (-20 - -4) + 23 - 0.
7
Evaluate (11 - (2 + 0)) + -35 + 18.
-8
Evaluate (3 - (-13 - -2)) + -2.
12
What is 2 + 24 + -35 - 16?
-25
What is (0 - 0) + 110 + -120?
-10
Evaluate 7 - (9 + (0 - -1) + (-192 - -157)).
32
(-4 - 1) + (-31 - ((5 - -2) + -24))
-19
(10 - 3) + (-19 - 0)
-12
Evaluate -11 - (-15 + 10 + -4 - 4).
2
(-10 - 2 - 7 - -8 - 4) + -2
-17
14 - (-15 - -7 - -27)
-5
Calculate -47 + 1 + 28 - -4.
-14
What is the value of 18 + -36 + 3 + 15?
0
-1 - (3 + (5 - 9)) - (-2 - 4)
6
-18 - ((15 - 10) + -8)
-15
Calculate -1 + 6 + (2 + (7 - 5) - 3).
6
-5 - (-16 - (7 + -15) - -1)
2
Calculate 26 + (28 + -96 - -9) - (-1 + 5).
-37
Evaluate (-23 + 16 - 15) + 18.
-4
What is -3 - 0 - (-132 - -155)?
-26
What is 1 + (7 - 5) + 12 + -15?
0
Calculate 2 + (8 + -19 - -7) - -15.
13
What is (-9 - -19 - 12 - -10 - 1) + -2?
5
What is -17 + (-134 + 199 - (16 - -2))?
30
Evaluate 9 + (15 - 13) - -5.
16
What is -1 - (27 + (-24 - -16) + (7 - 0))?
-27
(-10 - -4) + (-14 - (0 - 4) - -1)
-15
What is 6 + -2 + (28 - 38)?
-6
What is (-28 - 1) + -222 + 255?
4
Evaluate -49 - (-29 + -29) - (48 + 1).
-40
What is -15 + (-2 - -8) - (-7 + (-28 - 0))?
26
What is the value of -10 - (-4 + (1 - 7))?
0
What is -54 - -49 - (-13 - 0)?
8
What is the value of -5 + (0 - -2 - (32 + -24 + -14))?
3
What is 3 - (16 - -17) - -34?
4
What is 5 + (-6 - (-32 + 8)) + 0?
23
Calculate -69 + 87 - (9 + 1 + -1).
9
What is 5 - 46 - -45 - (2 - (10 + -1))?
11
What is -3 + (-18 + (3 + 1 - -4) - 0)?
-13
Calculate -2 + (3 - (-1 + 3)) - (-509 - -539).
-31
Calculate (-13 + 29 - -22) + -23.
15
Calculate -6 - -2 - -12 - 4 - (-2 - 1).
7
0 + 11 + (-32 - -42 - -13)
34
Calculate 32 + (4 - (1 - (-12 + 0)) - -7).
30
What is (3 - (1 - -3) - 7) + -2?
-10
What is (-7 - (-5 - -5)) + (17 + -1 - 2)?
7
(-5 - (-3 + 0 - -7)) + -17 + 13
-13
-7 + 9 + (6 - 2) + -5
1
What is the value of (36 + -14 - 11) + -8 + -16?
-13
Evaluate 19 - (9 - (-2 + -2)).
6
Evaluate (1 + 7 - 7 - 33) + 5.
-27
What is 19 + -3 + 2 + -5 + 5?
18
Calculate 0 - (38 - 15) - -41.
18
What is the value of 5 - 12 - (7 + (12 - 13))?
-13
What is the value of 6 - (-48 - -56 - (-3 - (-1 + -5)))?
1
Evaluate 1 + -3 - (13 + -11 + -28) - -3.
27
What is the value of 7 + (-1 + 2 - 2)?
6
Evaluate (-10 - -4) + 5 + 4 + -17.
-14
Evaluate (25 - 0) + (-105 - -38) + 50.
8
What is -16 - (-2 + (-15 - -7))?
-6
-10 + (-3 - (5 - (21 - -3))) + -8
-2
What is 0 + 2 + 7 + -18 + (27 - 3)?
15
What is the value of -21 + 27 + -7 + 4 + 0?
3
What is -41 + -5 + (6 - -12)?
-28
Calculate 7 + (0 + 7 - 4).
10
Evaluate 1 + 2 - (26 - -1 - (-7 - -17)).
-14
Evaluate 24 - (0 + (-7 - -8) + 0) - 7.
16
Evaluate -34 + 4 + (9 - -20).
-1
What is -17 + 0 + 1 - (-244 + 244)?
-16
What is the value of -6 + (7 - (3 + 8) - 5)?
-15
Evaluate 26 + (19 - (0 - (-6 + -1))).
38
What is 4 + -8 + (-11 - -13 - (1 + 0))?
-3
What is the value of 23 - (-2 + -11 + 14 + 1)?
21
What is the value of 6 - ((-2 - -6) + 3 + 6) - -12?
5
Evaluate 65 - 23 - ((4 - -8) + 3).
27
1 - (13 - 14) - 3
-1
What is the value of 1 + (12 - 14) + 2 + -11?
-10
What is the value of -40 + (9 + -2 + -1 - -6) + -4?
-32
What is the value of -4 - -8 - (0 - ((1 - 1) + 6))?
10
7 - (11 + 18 + -14 + -8)
0
Calcula